 21330?
True
Is 345 a factor of 1134360?
True
Is 253 a factor of 144716?
True
Is 1107163 a multiple of 25?
False
Is 966403 a multiple of 13?
False
Does 2 divide 19699?
False
Does 3 divide 244465?
False
Is 283 a factor of 49328?
False
Is 134520 a multiple of 177?
True
Is 778092 a multiple of 11?
False
Is 488 a factor of 3052198?
False
Is 5 a factor of 173073?
False
Is 146 a factor of 152622?
False
Does 135 divide 294435?
True
Is 43 a factor of 45183?
False
Is 7 a factor of 53907?
True
Does 51 divide 16753517?
False
Is 752721 a multiple of 69?
True
Is 32 a factor of 75360?
True
Is 161 a factor of 8672035?
False
Does 20 divide 3280260?
True
Does 3 divide 2146230?
True
Does 59 divide 2773262?
False
Is 2129840 a multiple of 632?
True
Does 135 divide 871853?
False
Does 201 divide 467578?
False
Does 6 divide 1474256?
False
Does 225 divide 2823530?
False
Does 13 divide 53738?
False
Does 483 divide 36839?
False
Is 24 a factor of 418913?
False
Is 1947979 a multiple of 187?
True
Does 349 divide 37941?
False
Is 1494990 a multiple of 315?
True
Is 292 a factor of 546040?
True
Does 9 divide 227124?
True
Is 533060 a multiple of 55?
True
Is 111 a factor of 5625480?
True
Is 3 a factor of 4384348?
False
Does 173 divide 186178?
False
Does 450 divide 1194300?
True
Is 6 a factor of 32898?
True
Does 252 divide 859388?
False
Does 56 divide 13421?
False
Is 7 a factor of 158984?
True
Is 3126448 a multiple of 47?
False
Is 9657593 a multiple of 387?
False
Is 128226 a multiple of 301?
True
Is 537 a factor of 159867?
False
Does 4 divide 87839?
False
Is 46 a factor of 21038?
False
Does 289 divide 550256?
True
Is 20 a factor of 473932?
False
Does 262 divide 575090?
True
Is 4864560 a multiple of 163?
False
Is 46365 a multiple of 19?
False
Does 8 divide 1966577?
False
Is 13 a factor of 2445633?
False
Is 35352 a multiple of 12?
True
Does 10 divide 3567?
False
Is 71262 a multiple of 13?
False
Is 133 a factor of 560063?
True
Is 35 a factor of 14595?
True
Is 878294 a multiple of 3?
False
Is 12 a factor of 1552769?
False
Does 49 divide 285131?
True
Is 3513564 a multiple of 687?
False
Does 178 divide 3539270?
False
Is 761950 a multiple of 49?
True
Is 97062 a multiple of 6?
True
Does 84 divide 221876?
False
Is 152 a factor of 1533984?
True
Does 15 divide 10850485?
False
Does 9 divide 23715?
True
Does 25 divide 10207500?
True
Is 195 a factor of 2761200?
True
Is 192 a multiple of 48?
True
Is 12969 a multiple of 6?
False
Is 28472388 a multiple of 2670?
False
Does 505 divide 4831986?
False
Is 29016 a multiple of 936?
True
Is 90 a factor of 119700?
True
Does 382 divide 3295003?
False
Does 224 divide 399168?
True
Is 8195 a multiple of 22?
False
Is 36 a factor of 16748?
False
Is 18 a factor of 91764?
True
Does 43 divide 2003949?
False
Does 16 divide 183034?
False
Does 40 divide 3742400?
True
Does 982 divide 2847144?
False
Is 65867 a multiple of 30?
False
Is 250 a factor of 2438000?
True
Is 1185 a factor of 12826440?
True
Does 68 divide 19584?
True
Is 71 a factor of 162402?
False
Is 32 a factor of 4552384?
True
Does 255 divide 2471715?
True
Does 64 divide 1134528?
True
Is 29696052 a multiple of 37?
True
Is 523856 a multiple of 232?
True
Does 5 divide 676306?
False
Is 48 a factor of 2063?
False
Is 1106341 a multiple of 7?
False
Does 5 divide 93557?
False
Is 40390 a multiple of 167?
False
Is 1431430 a multiple of 338?
True
Is 263 a factor of 341111?
True
Is 718 a factor of 2427558?
True
Does 31 divide 584071?
True
Is 137 a factor of 632882?
False
Is 9664767 a multiple of 21?
True
Is 18 a factor of 5332158?
True
Is 6 a factor of 32676?
True
Is 17403 a multiple of 145?
False
Is 199 a factor of 3398124?
True
Does 175 divide 11770150?
True
Is 928408 a multiple of 8?
True
Is 25495563 a multiple of 89?
True
Is 3199875 a multiple of 23?
True
Is 4065158 a multiple of 1541?
True
Is 317 a factor of 19436?
False
Does 4 divide 110515?
False
Is 22 a factor of 8976594?
True
Is 79 a factor of 9237607?
False
Is 10 a factor of 5694674?
False
Is 12 a factor of 192900?
True
Is 93 a factor of 763556?
False
Is 363 a factor of 1916640?
True
Is 190 a factor of 8805740?
True
Does 7 divide 285063?
False
Does 21 divide 816207?
True
Does 4 divide 159493?
False
Is 487 a factor of 422819?
False
Is 5478967 a multiple of 13?
True
Does 368 divide 242144?
True
Does 313 divide 69352?
False
Is 1574328 a multiple of 54?
False
Does 138 divide 1427242?
False
Is 15 a factor of 452500?
False
Is 3355302 a multiple of 3?
True
Is 3983980 a multiple of 796?
True
Does 10 divide 1363972?
False
Is 109 a factor of 87290?
False
Is 35 a factor of 125135?
False
Is 50 a factor of 691776?
False
Does 3 divide 380393?
False
Is 59 a factor of 2967051?
True
Does 473 divide 1506032?
True
Is 665245 a multiple of 415?
True
Is 668 a factor of 3126461?
False
Is 16 a factor of 3962237?
False
Is 41 a factor of 265480?
False
Does 15 divide 28200915?
True
Does 219 divide 10691799?
True
Does 22 divide 104832?
False
Is 1180858 a multiple of 22?
False
Does 19 divide 354529?
False
Is 8096363 a multiple of 11?
True
Is 14 a factor of 9272?
False
Is 25863 a multiple of 37?
True
Does 77 divide 11401274?
False
Does 477 divide 360738?
False
Is 78 a factor of 2040?
False
Is 865 a factor of 3704934?
False
Is 27442 a multiple of 650?
False
Is 28873 a multiple of 23?
False
Is 457650 a multiple of 2?
True
Is 50 a factor of 88800?
True
Is 522172 a multiple of 476?
True
Is 23166 a multiple of 27?
True
Is 52 a factor of 996996?
True
Is 146 a factor of 2392818?
False
Is 2077507 a multiple of 149?
True
Is 371700 a multiple of 18?
True
Does 117 divide 198384?
False
Does 170 divide 1143379?
False
Does 2 divide 5440?
True
Is 19 a factor of 1443902?
False
Is 12 a factor of 12930986?
False
Is 2730480 a multiple of 20?
True
Does 248 divide 1676253?
False
Does 357 divide 4854129?
True
Is 71289 a multiple of 16?
False
Does 11 divide 98758?
True
Is 63 a factor of 4134412?
False
Does 7 divide 1503737?
False
Is 635054 a multiple of 2?
True
Is 980 a factor of 957813?
False
Is 9 a factor of 50217?
False
Is 1208704 a multiple of 608?
True
Does 3 divide 44699?
False
Is 59 a factor of 188859?
True
Does 269 divide 135845?
True
Is 43 a factor of 56072?
True
Does 269 divide 7418228?
False
Is 2557 a factor of 3869962?
False
Is 174638 a multiple of 24?
False
Is 288101 a multiple of 3?
False
Does 15 divide 128626?
False
Does 190 divide 3221450?
True
Does 1072 divide 20459699?
False
Does 7 divide 1045898?
True
Is 15 a factor of 10923582?
False
Does 7 divide 1503914?
False
Does 6 divide 10348?
False
Does 13 divide 103063?
False
Does 20 divide 370540?
True
Does 128 divide 795960?
False
Does 82 divide 1509429?
False
Does 75 divide 160322?
False
Is 6 a factor of 92826?
True
Does 2 divide 361181?
False
Is 680149 a multiple of 4?
False
Is 177276 a multiple of 132?
True
Is 150 a factor of 252733?
False
Does 141 divide 434421?
True
Is 4 a factor of 196486?
False
Is 42 a factor of 188328?
True
Does 309 divide 138898?
False
Does 103 divide 1016610?
True
Is 19 a factor of 457921?
False
Is 3693991 a multiple of 230?
False
Is 320251 a multiple of 107?
True
Is 29 a factor of 10498?
True
Does 4 divide 34254?
False
Is 8816873 a multiple of 48?
False
Is 1951753 a multiple of 279?
False
Does 45 divide 31258?
False
Is 132 a factor of 4782746?
False
Does 51 divide 997028?
False
Is 788350 even?
True
Does 404 divide 574763?
False
Is 201410 a multiple of 10?
True
Is 383526 a multiple of 117?
True
Does 22 divide 10246522?
True
Is 12 a factor of 4922759?
False
Does 109 divide 550886?
True
Is 53 a factor of 408111?
False
Is 1464848 a multiple of 7?
True
Is 244 a factor of 23266?
False
Does 125 divide 2274743?
False
Is 106 a factor of 27984?
True
Is 15 a factor of 12745812?
False
Is 10 a factor of 943070?
True
Is 17 a factor of 134209?
False
Is 5643168 a multiple of 2027?
True
Does 2 divide 1451?
False
Is 28 a factor of 3458111?
False
Does 143 divide 972972?
True
Is 1247640 a multiple of 40?
True
Does 496 divide 18168947?
False
Is 3 a factor of 41357?
False
Is 195683 a multiple of 185?
False
Is 2 a factor of 225787?
False
Is 11393740 a multiple of 23?
True
Is 8060118 a multiple of 807?
False
Is 555 a factor of 25397355?
True
Does 38 divide 49086?
False
Is 1728696 a multiple of 68?
True
Is 41228 a multiple of 139?
False
Is